{"id":101,"date":"2017-01-16T16:42:40","date_gmt":"2017-01-16T15:42:40","guid":{"rendered":"http:\/\/svrhw.de\/wordpress\/?page_id=101"},"modified":"2023-01-13T12:35:32","modified_gmt":"2023-01-13T11:35:32","slug":"baubegleitung-2","status":"publish","type":"page","link":"https:\/\/svrhw.de\/wordpress\/baubegleitung-2","title":{"rendered":"Baubegleitung"},"content":{"rendered":"\t\t<div data-elementor-type=\"wp-page\" data-elementor-id=\"101\" class=\"elementor elementor-101\">\n\t\t\t\t\t\t<section class=\"elementor-section elementor-top-section elementor-element elementor-element-72ced1ce elementor-section-boxed elementor-section-height-default elementor-section-height-default\" data-id=\"72ced1ce\" data-element_type=\"section\" data-e-type=\"section\">\n\t\t\t\t\t\t<div class=\"elementor-container elementor-column-gap-default\">\n\t\t\t\t\t<div class=\"elementor-column elementor-col-100 elementor-top-column elementor-element elementor-element-2226ff6d\" data-id=\"2226ff6d\" data-element_type=\"column\" data-e-type=\"column\">\n\t\t\t<div class=\"elementor-widget-wrap elementor-element-populated\">\n\t\t\t\t\t\t<div class=\"elementor-element elementor-element-694ec194 elementor-widget elementor-widget-text-editor\" data-id=\"694ec194\" data-element_type=\"widget\" data-e-type=\"widget\" data-widget_type=\"text-editor.default\">\n\t\t\t\t\t\t\t\t\t<p><em>Durch Weisheit wird ein Haus gebaut und durch Verstand erhalten. Solomo 24.3<\/em><\/p><p>Die Qualit\u00e4t der Ausf\u00fchrung beeinflusst die Lebensdauer und Funktion der Handwerksleistung entscheidend.<br \/>Ich pr\u00fcfe die fachliche Qualifikation der Angebotsunternehmen vor Auftragserteilung.\u00a0<br \/>Nach Auftragserteilung unterweise ich die Mitarbeiter vor Ort \u00fcber die Ausf\u00fchrungsbestimmungen und <br \/>\u00fcberwache die Einhaltung der DIN-Normen und der allgemein anerkannten Regeln der Technik w\u00e4hrend der Bauzeit.<br \/>Ich begleite sie von der Planung bis zur Abnahme<\/p><h1>Projektsteuerung<\/h1><p>Die Planung und Steuerung immer komplexerer Abl\u00e4ufe am Bau sind f\u00fcr den technischen und wirtschaftlichen\u00a0 <br \/>Erfolg ihres Projekts Voraussetzung.<span class=\"Font_14pt\">Wenn die Realisierung an organisatorischen, terminlichen oder kommunikativen <br \/>Defiziten scheitert l\u00e4uft ihr Projekt schnell aus dem Budget.<\/span><span class=\"Font_14pt\">Die fortlaufende\u00a0Kontrolle der Quantit\u00e4ten\u00a0sowie die <br \/>\u00dcberpr\u00fcfung\u00a0der\u00a0Qualit\u00e4ten w\u00e4hrend der Ausf\u00fchrung<\/span> sichern den Erfolg ihres Projekts.<\/p><p>\u00a0<\/p><p><img decoding=\"async\" class=\"alignnone wp-image-223\" src=\"http:\/\/svrhw.de\/wordpress\/wp-content\/uploads\/2017\/01\/Unbenannt-1-300x1.png\" width=\"650\" height=\"1\" srcset=\"https:\/\/svrhw.de\/wordpress\/wp-content\/uploads\/2017\/01\/Unbenannt-1-300x1.png 300w, https:\/\/svrhw.de\/wordpress\/wp-content\/uploads\/2017\/01\/Unbenannt-1-150x1.png 150w, https:\/\/svrhw.de\/wordpress\/wp-content\/uploads\/2017\/01\/Unbenannt-1-125x1.png 125w, https:\/\/svrhw.de\/wordpress\/wp-content\/uploads\/2017\/01\/Unbenannt-1.png 567w\" sizes=\"(max-width: 650px) 100vw, 650px\" \/><\/p><p>\u00a0<\/p><h1>Ausschreibung<\/h1><p>Sie planen\u00a0 eine energetische Sanierung und Sie ben\u00f6tigen fachgerechte Ausschreibungen und m\u00f6chten die <br \/>Leistungen professionell vergeben? Ich \u00fcbernehme f\u00fcr sie Aufma\u00df, Leistungsverzeichniserstellung, <br \/>Angebotspr\u00fcfung und -auswertung, Vergabebegleitung und <span style=\"color: #000000;\">Baubegleitung <\/span>als Paket oder einzelne Bausteine.<\/p><h1>Abnahme<\/h1><p>Sie haben ihr Projakt verwirklicht und nun steht die Endabnahme an?<br \/>Ein entscheidender Zeitpunkt der Bauphase, zum Beispiel:\u00a0<\/p><ul><li>die Gefahr der zuf\u00e4lligen Verschlechterung geht auf den Besteller \u00fcber<\/li><li>die Beweislast f\u00fcr bestimmte M\u00e4ngel geht auf den Besteller \u00fcber<\/li><li>die Verj\u00e4hrungsfrist f\u00fcr bestimmte M\u00e4ngelanspr\u00fcche beginnt zu laufen<\/li><\/ul><p>Ich unterst\u00fctze Sie mit \u00fcber 30 j\u00e4hriger Erfahrung am Bau und begleite Sie bei der Abnahme vor Ort.<\/p>\t\t\t\t\t\t\t\t<\/div>\n\t\t\t\t\t<\/div>\n\t\t<\/div>\n\t\t\t\t\t<\/div>\n\t\t<\/section>\n\t\t\t\t<\/div>\n\t\t","protected":false},"excerpt":{"rendered":"<p>Durch Weisheit wird ein Haus gebaut und durch Verstand erhalten. Solomo 24.3 Die Qualit\u00e4t der Ausf\u00fchrung beeinflusst die Lebensdauer und Funktion der [&hellip;]<\/p>\n","protected":false},"author":1,"featured_media":0,"parent":0,"menu_order":0,"comment_status":"closed","ping_status":"closed","template":"","meta":{"footnotes":""},"class_list":["post-101","page","type-page","status-publish","hentry"],"_links":{"self":[{"href":"https:\/\/svrhw.de\/wordpress\/wp-json\/wp\/v2\/pages\/101","targetHints":{"allow":["GET"]}}],"collection":[{"href":"https:\/\/svrhw.de\/wordpress\/wp-json\/wp\/v2\/pages"}],"about":[{"href":"https:\/\/svrhw.de\/wordpress\/wp-json\/wp\/v2\/types\/page"}],"author":[{"embeddable":true,"href":"https:\/\/svrhw.de\/wordpress\/wp-json\/wp\/v2\/users\/1"}],"replies":[{"embeddable":true,"href":"https:\/\/svrhw.de\/wordpress\/wp-json\/wp\/v2\/comments?post=101"}],"version-history":[{"count":13,"href":"https:\/\/svrhw.de\/wordpress\/wp-json\/wp\/v2\/pages\/101\/revisions"}],"predecessor-version":[{"id":762,"href":"https:\/\/svrhw.de\/wordpress\/wp-json\/wp\/v2\/pages\/101\/revisions\/762"}],"wp:attachment":[{"href":"https:\/\/svrhw.de\/wordpress\/wp-json\/wp\/v2\/media?parent=101"}],"curies":[{"name":"wp","href":"https:\/\/api.w.org\/{rel}","templated":true}]}}