{"id":111,"date":"2017-01-16T16:44:11","date_gmt":"2017-01-16T15:44:11","guid":{"rendered":"http:\/\/svrhw.de\/wordpress\/?page_id=111"},"modified":"2022-12-30T13:52:37","modified_gmt":"2022-12-30T12:52:37","slug":"thermografie","status":"publish","type":"page","link":"https:\/\/svrhw.de\/wordpress\/thermografie","title":{"rendered":"Thermografie"},"content":{"rendered":"\n<h1><b>Thermografie ist, vereinfacht gesagt, eine visuelle <br \/>Dar<\/b><b>stellung von Oberfl\u00e4chentemperaturen.<\/b><\/h1><h5><img fetchpriority=\"high\" decoding=\"async\" class=\"alignnone size-medium wp-image-180\" src=\"http:\/\/svrhw.de\/wordpress\/wp-content\/uploads\/2017\/01\/33278419-300x184.jpg\" alt=\"\" width=\"300\" height=\"184\" srcset=\"https:\/\/svrhw.de\/wordpress\/wp-content\/uploads\/2017\/01\/33278419-300x184.jpg 300w, https:\/\/svrhw.de\/wordpress\/wp-content\/uploads\/2017\/01\/33278419.jpg 600w\" sizes=\"(max-width: 300px) 100vw, 300px\" \/><\/h5><h5>Fusion der Thermografie- und Digitalaufnahme. <br \/><p>Die gr\u00fcnen (kalten und damit feuchten) Bereiche sind nahezu <br \/><p>deckungsgleich mit dem mikrobiellen Befall.<\/h5><p>&nbsp;<\/p><p>Fachgerecht durchgef\u00fchrt und ausgewertet gibt sie Auskunft \u00fcber feuchte Stellen, Leckagen und W\u00e4rmebr\u00fccken.<br \/>Erg\u00e4nzt durch die Empfehlung geeigneter Ma\u00dfnahmen k\u00f6nnen\u00a0\u00a0 Entscheidungen f\u00fcr energetische Sanierungsma\u00dfnahmen <br \/>getroffen werden. Lassen sie sich nicht von &#8222;bunten Bildern&#8220; blenden. Thermogramme lassen sich beliebig &#8222;f\u00e4rben&#8220;. <br \/>Fachgerechte Thermografie hat Ihren Preis, ist diesen aber auch Wert.<\/p><p>&nbsp;<\/p>\n","protected":false},"excerpt":{"rendered":"<p>Thermografie ist, vereinfacht gesagt, eine visuelle Darstellung von Oberfl\u00e4chentemperaturen. Fusion der Thermografie- und Digitalaufnahme. Die gr\u00fcnen (kalten und damit feuchten) Bereiche sind [&hellip;]<\/p>\n","protected":false},"author":1,"featured_media":0,"parent":0,"menu_order":0,"comment_status":"closed","ping_status":"closed","template":"","meta":{"footnotes":""},"class_list":["post-111","page","type-page","status-publish","hentry"],"_links":{"self":[{"href":"https:\/\/svrhw.de\/wordpress\/wp-json\/wp\/v2\/pages\/111","targetHints":{"allow":["GET"]}}],"collection":[{"href":"https:\/\/svrhw.de\/wordpress\/wp-json\/wp\/v2\/pages"}],"about":[{"href":"https:\/\/svrhw.de\/wordpress\/wp-json\/wp\/v2\/types\/page"}],"author":[{"embeddable":true,"href":"https:\/\/svrhw.de\/wordpress\/wp-json\/wp\/v2\/users\/1"}],"replies":[{"embeddable":true,"href":"https:\/\/svrhw.de\/wordpress\/wp-json\/wp\/v2\/comments?post=111"}],"version-history":[{"count":9,"href":"https:\/\/svrhw.de\/wordpress\/wp-json\/wp\/v2\/pages\/111\/revisions"}],"predecessor-version":[{"id":608,"href":"https:\/\/svrhw.de\/wordpress\/wp-json\/wp\/v2\/pages\/111\/revisions\/608"}],"wp:attachment":[{"href":"https:\/\/svrhw.de\/wordpress\/wp-json\/wp\/v2\/media?parent=111"}],"curies":[{"name":"wp","href":"https:\/\/api.w.org\/{rel}","templated":true}]}}