{"id":113,"date":"2017-01-16T16:44:34","date_gmt":"2017-01-16T15:44:34","guid":{"rendered":"http:\/\/svrhw.de\/wordpress\/?page_id=113"},"modified":"2017-01-19T12:48:58","modified_gmt":"2017-01-19T11:48:58","slug":"raumluftqualitaet","status":"publish","type":"page","link":"https:\/\/svrhw.de\/wordpress\/raumluftqualitaet","title":{"rendered":"Raumluftqualit\u00e4t"},"content":{"rendered":"<h1>Konzentrationsschwierigkeit und M\u00fcdigkeit <br \/>in Konferenzr\u00e4umen, Schulklassen oder B\u00fcros?<\/h1>\n<p>Die Luftqualit\u00e4t in R\u00e4umen entscheidet \u00fcber die Lehr- und Lernf\u00e4higkeit <br \/>oder die Leistungsf\u00e4higkeit der Mitarbeiter. Hohe Kohlendioxid-Konzentration <br \/>entsteht schnell, wenn sich mehrere Personen in geschlossenen <br \/>R\u00e4umen mit mangelhafter L\u00fcftung aufhalten.<\/p>\n<p><span style=\"font-family: Arial; font-size: small;\">Das Kohlendioxid f\u00fchrt auch zur Beeintr\u00e4chtigung des allgemeinen Wohlbefindens. <br \/>Das Wohlbefinden wird bereits ab einer Konzentration von mehr als 800 ppm beeintr\u00e4chtigt.<\/span><\/p>\n","protected":false},"excerpt":{"rendered":"<p>Konzentrationsschwierigkeit und M\u00fcdigkeit in Konferenzr\u00e4umen, Schulklassen oder B\u00fcros? Die Luftqualit\u00e4t in R\u00e4umen entscheidet \u00fcber die Lehr- und Lernf\u00e4higkeit oder die Leistungsf\u00e4higkeit der [&hellip;]<\/p>\n","protected":false},"author":1,"featured_media":0,"parent":0,"menu_order":0,"comment_status":"closed","ping_status":"closed","template":"","meta":{"footnotes":""},"class_list":["post-113","page","type-page","status-publish","hentry"],"_links":{"self":[{"href":"https:\/\/svrhw.de\/wordpress\/wp-json\/wp\/v2\/pages\/113","targetHints":{"allow":["GET"]}}],"collection":[{"href":"https:\/\/svrhw.de\/wordpress\/wp-json\/wp\/v2\/pages"}],"about":[{"href":"https:\/\/svrhw.de\/wordpress\/wp-json\/wp\/v2\/types\/page"}],"author":[{"embeddable":true,"href":"https:\/\/svrhw.de\/wordpress\/wp-json\/wp\/v2\/users\/1"}],"replies":[{"embeddable":true,"href":"https:\/\/svrhw.de\/wordpress\/wp-json\/wp\/v2\/comments?post=113"}],"version-history":[{"count":3,"href":"https:\/\/svrhw.de\/wordpress\/wp-json\/wp\/v2\/pages\/113\/revisions"}],"predecessor-version":[{"id":211,"href":"https:\/\/svrhw.de\/wordpress\/wp-json\/wp\/v2\/pages\/113\/revisions\/211"}],"wp:attachment":[{"href":"https:\/\/svrhw.de\/wordpress\/wp-json\/wp\/v2\/media?parent=113"}],"curies":[{"name":"wp","href":"https:\/\/api.w.org\/{rel}","templated":true}]}}