{"id":483,"date":"2022-05-23T10:54:47","date_gmt":"2022-05-23T08:54:47","guid":{"rendered":"https:\/\/svrhw.de\/wordpress\/?page_id=483"},"modified":"2022-12-30T13:54:47","modified_gmt":"2022-12-30T12:54:47","slug":"drohnenbefliegung","status":"publish","type":"page","link":"https:\/\/svrhw.de\/wordpress\/drohnenbefliegung","title":{"rendered":"Drohnenbefliegung"},"content":{"rendered":"\n<h2 class=\"has-large-font-size wp-block-heading\">Begutachtung mit Drohne<\/h2>\n\n\n\n<h2 class=\"has-large-font-size wp-block-heading\">Mit einer Hochleistungsdrohne befliege ich Geb\u00e4ude und Bauwerke. <\/h2>\n\n\n\n<p class=\"has-medium-font-size\">Schwer zug\u00e4nglicher Bereiche k\u00f6nnen f\u00fcr den Ist-Zustand und eine Schadenaufnahme mit Thermografie, Videos und Fotos dokumentiert werden. <br>Anschlie\u00dfend erstelle ich die Dokumentation und Konzepte zur Schadenvorbeugung oder -beseitigung. <\/p>\n\n\n\n<p class=\"has-medium-font-size\">UAS-Betreiber-Nummer: DEU2r6mlcaubr5kq<\/p>\n","protected":false},"excerpt":{"rendered":"<p>Begutachtung mit Drohne Mit einer Hochleistungsdrohne befliege ich Geb\u00e4ude und Bauwerke. Schwer zug\u00e4nglicher Bereiche k\u00f6nnen f\u00fcr den Ist-Zustand und eine Schadenaufnahme mit [&hellip;]<\/p>\n","protected":false},"author":1,"featured_media":0,"parent":0,"menu_order":0,"comment_status":"closed","ping_status":"closed","template":"","meta":{"footnotes":""},"class_list":["post-483","page","type-page","status-publish","hentry"],"_links":{"self":[{"href":"https:\/\/svrhw.de\/wordpress\/wp-json\/wp\/v2\/pages\/483","targetHints":{"allow":["GET"]}}],"collection":[{"href":"https:\/\/svrhw.de\/wordpress\/wp-json\/wp\/v2\/pages"}],"about":[{"href":"https:\/\/svrhw.de\/wordpress\/wp-json\/wp\/v2\/types\/page"}],"author":[{"embeddable":true,"href":"https:\/\/svrhw.de\/wordpress\/wp-json\/wp\/v2\/users\/1"}],"replies":[{"embeddable":true,"href":"https:\/\/svrhw.de\/wordpress\/wp-json\/wp\/v2\/comments?post=483"}],"version-history":[{"count":19,"href":"https:\/\/svrhw.de\/wordpress\/wp-json\/wp\/v2\/pages\/483\/revisions"}],"predecessor-version":[{"id":610,"href":"https:\/\/svrhw.de\/wordpress\/wp-json\/wp\/v2\/pages\/483\/revisions\/610"}],"wp:attachment":[{"href":"https:\/\/svrhw.de\/wordpress\/wp-json\/wp\/v2\/media?parent=483"}],"curies":[{"name":"wp","href":"https:\/\/api.w.org\/{rel}","templated":true}]}}