{"id":94,"date":"2017-01-16T16:40:36","date_gmt":"2017-01-16T15:40:36","guid":{"rendered":"http:\/\/svrhw.de\/wordpress\/?page_id=94"},"modified":"2024-04-09T07:51:08","modified_gmt":"2024-04-09T05:51:08","slug":"notdienst","status":"publish","type":"page","link":"https:\/\/svrhw.de\/wordpress\/notdienst","title":{"rendered":"Notdienst"},"content":{"rendered":"<h1>Notdienst<\/h1>\n<p>Wassereinbruch, Schimmelpilzbefall, Unfall- oder Sturmschaden am D\u00e4mmsystem<br \/>\noder ihr Bauchgef\u00fchl signalisiert mangelhafte Verarbeitung?<\/p>\n<p>Entscheiden sie sich f\u00fcr einen \u00f6ffentlich bestellten und vereidigten Sachverst\u00e4ndigen!<br \/>\nDie Beweissicherung erstelle ich in der Regel innerhalb von 96 Stunden.<br \/>\n(0178) 320 43 27 oder\u00a0<a href=\"mailto:notdienst@svrhw.de\">notdienst@svrhw.de<\/a><\/p>\n","protected":false},"excerpt":{"rendered":"<p>Notdienst Wassereinbruch, Schimmelpilzbefall, Unfall- oder Sturmschaden am D\u00e4mmsystem oder ihr Bauchgef\u00fchl signalisiert mangelhafte Verarbeitung? Entscheiden sie sich f\u00fcr einen \u00f6ffentlich bestellten und [&hellip;]<\/p>\n","protected":false},"author":1,"featured_media":0,"parent":0,"menu_order":0,"comment_status":"closed","ping_status":"closed","template":"","meta":{"footnotes":""},"class_list":["post-94","page","type-page","status-publish","hentry"],"_links":{"self":[{"href":"https:\/\/svrhw.de\/wordpress\/wp-json\/wp\/v2\/pages\/94","targetHints":{"allow":["GET"]}}],"collection":[{"href":"https:\/\/svrhw.de\/wordpress\/wp-json\/wp\/v2\/pages"}],"about":[{"href":"https:\/\/svrhw.de\/wordpress\/wp-json\/wp\/v2\/types\/page"}],"author":[{"embeddable":true,"href":"https:\/\/svrhw.de\/wordpress\/wp-json\/wp\/v2\/users\/1"}],"replies":[{"embeddable":true,"href":"https:\/\/svrhw.de\/wordpress\/wp-json\/wp\/v2\/comments?post=94"}],"version-history":[{"count":7,"href":"https:\/\/svrhw.de\/wordpress\/wp-json\/wp\/v2\/pages\/94\/revisions"}],"predecessor-version":[{"id":1121,"href":"https:\/\/svrhw.de\/wordpress\/wp-json\/wp\/v2\/pages\/94\/revisions\/1121"}],"wp:attachment":[{"href":"https:\/\/svrhw.de\/wordpress\/wp-json\/wp\/v2\/media?parent=94"}],"curies":[{"name":"wp","href":"https:\/\/api.w.org\/{rel}","templated":true}]}}