{"id":96,"date":"2017-01-16T16:40:48","date_gmt":"2017-01-16T15:40:48","guid":{"rendered":"http:\/\/svrhw.de\/wordpress\/?page_id=96"},"modified":"2023-12-10T17:42:29","modified_gmt":"2023-12-10T16:42:29","slug":"gutachten","status":"publish","type":"page","link":"https:\/\/svrhw.de\/wordpress\/gutachten","title":{"rendered":"Gutachten"},"content":{"rendered":"\t\t<div data-elementor-type=\"wp-page\" data-elementor-id=\"96\" class=\"elementor elementor-96\">\n\t\t\t\t\t\t<section class=\"elementor-section elementor-top-section elementor-element elementor-element-66f16a6 elementor-section-boxed elementor-section-height-default elementor-section-height-default\" data-id=\"66f16a6\" data-element_type=\"section\" data-e-type=\"section\">\n\t\t\t\t\t\t<div class=\"elementor-container elementor-column-gap-default\">\n\t\t\t\t\t<div class=\"elementor-column elementor-col-100 elementor-top-column elementor-element elementor-element-2af078f8\" data-id=\"2af078f8\" data-element_type=\"column\" data-e-type=\"column\">\n\t\t\t<div class=\"elementor-widget-wrap elementor-element-populated\">\n\t\t\t\t\t\t<div class=\"elementor-element elementor-element-864f421 elementor-widget elementor-widget-text-editor\" data-id=\"864f421\" data-element_type=\"widget\" data-e-type=\"widget\" data-widget_type=\"text-editor.default\">\n\t\t\t\t\t\t\t\t\t<h1>Gutachten<\/h1>\n<p>Qualit\u00e4t ist kein Zufall: schnell, schnell = schlecht, schlecht<br>Sollte es zu Unstimmigkeiten \u00fcber die&nbsp; Qualit\u00e4t der geschuldeten Leistung <br>kommen schafft ein Gutachten die Grundlage f\u00fcr Entscheidungen.<\/p>\n<p><img decoding=\"async\" class=\"alignnone wp-image-223\" src=\"http:\/\/svrhw.de\/wordpress\/wp-content\/uploads\/2017\/01\/Unbenannt-1-300x1.png\" width=\"650\" height=\"1\" srcset=\"https:\/\/svrhw.de\/wordpress\/wp-content\/uploads\/2017\/01\/Unbenannt-1-300x1.png 300w, https:\/\/svrhw.de\/wordpress\/wp-content\/uploads\/2017\/01\/Unbenannt-1-150x1.png 150w, https:\/\/svrhw.de\/wordpress\/wp-content\/uploads\/2017\/01\/Unbenannt-1-125x1.png 125w, https:\/\/svrhw.de\/wordpress\/wp-content\/uploads\/2017\/01\/Unbenannt-1.png 567w\" sizes=\"(max-width: 650px) 100vw, 650px\" \/><\/p>\n<h1>Privat-Gutachten<\/h1>\n<h3><span class=\"quote-quote\">&#8222;Den Namen des Rechtes&nbsp;w\u00fcrde man nicht kennen, <br>wenn es das Unrecht nicht g\u00e4be.&#8220;<br><\/span>Heraklit<\/h3>\n<p>Sie sind unzufrieden mit der erbrachten Leistung.<br>Ein privates Gutachten deckt alle Fehler an der Leistung auf und dokumentiert den Zustand <br>durch den neutralen Sachverst\u00e4ndigen. Nun k\u00f6nnen sie mit Argumenten und Betr\u00e4gen in die <br>Gespr\u00e4che mit dem Auftragnehmer gehen.<\/p>\n<p>Ihr Rechtsanwalt r\u00e4t zur Durchsetzung der Anspr\u00fcche vor Gericht. &nbsp;Hierzu ben\u00f6tigt er vor allem <br><u>die richtigen<\/u><b><u> <\/u><\/b><u>technische Argumente<\/u> f\u00fcr das Beweismittel: &#8222;Sachverst\u00e4ndigengutachten&#8220;. <br>Hierzu m\u00fcssen sie gemeinsam mit ihrem Rechtsanwalt Fragen formulieren, die der gerichtliche <br>Sachverst\u00e4ndige beantworten soll. Ausforschungsgutachten (Sachverst\u00e4ndiger, suche alle M\u00e4ngel) <br>sind bei Gericht unzul\u00e4ssig. Eine zul\u00e4ssige Frage kann zum Beispiel folgenderma\u00dfen lauten:<\/p>\n<p><strong>Entspricht die Verarbeitung des W\u00e4rmed\u00e4mm-Verbundsystems der&nbsp;<\/strong><strong>DIN 55699 und den allgemein anerkannten Regeln der Technik?<\/strong><\/p>\n<h3>Fazit:<br>Die richtige Fragestellung hat ma\u00dfgebliche Auswirkung in einem Gerichtsprozess. Genau diese Fragen ergeben sich aus einem qualifizierten, privaten Sachverst\u00e4ndigengutachten.<\/h3>\n<p><img decoding=\"async\" class=\"alignnone wp-image-223\" src=\"http:\/\/svrhw.de\/wordpress\/wp-content\/uploads\/2017\/01\/Unbenannt-1-300x1.png\" width=\"650\" height=\"1\" srcset=\"https:\/\/svrhw.de\/wordpress\/wp-content\/uploads\/2017\/01\/Unbenannt-1-300x1.png 300w, https:\/\/svrhw.de\/wordpress\/wp-content\/uploads\/2017\/01\/Unbenannt-1-150x1.png 150w, https:\/\/svrhw.de\/wordpress\/wp-content\/uploads\/2017\/01\/Unbenannt-1-125x1.png 125w, https:\/\/svrhw.de\/wordpress\/wp-content\/uploads\/2017\/01\/Unbenannt-1.png 567w\" sizes=\"(max-width: 650px) 100vw, 650px\" \/><\/p>\n<h1>Gerichts-Gutachten<\/h1>\n<h3>&#8222;Es hilft nichts, das Recht auf seiner Seite zu haben. <br>Man muss auch mit der Justiz rechnen.&#8220; <br>Dieter Hildebrandt<\/h3>\n<p><span class=\"text7\">In meinen Gutachten werden Fachfragen in klarer, verst\u00e4ndlicher und \u00fcbersichtlicher Form <br>schriftlich beantwortet. Tatsachen, Berechnungen und Ergebnisse werden in gegliederter Form <br>mit den daraus resultierenden Schlussfolgerungen dargestellt. Die Darstellung der Resultate <br>erfolgt in der Weise, dass der Fachmann alle Daten und Gedankeng\u00e4nge, auf denen das Gutachten beruht, <br>nachpr\u00fcfen kann. Der Laie kann die Ergebnisse logisch nachvollziehen.&nbsp;<\/span>Gutachten werden zeitnah erstellt<\/p>\n<h1>Sch\u00e4tzungen und Wertermittlungen von <br>Immobilien, Grundst\u00fccken und Geb\u00e4uden<\/h1>\n<p>Sie ben\u00f6tigen keine schriftliche Dokumentation sondern lediglich eine objektive Einsch\u00e4tzung des <br>Wertes zum Beispiel wenn sie die Absicht haben eine Immobilie zu kaufen oder zu verkaufen. <br>Mit einer Wertsch\u00e4tzung als Grundlage f\u00fcr Preisverhandlungen bringen Sie Sicherheit in die <br>Verhandlungen.<\/p>\n<p><img decoding=\"async\" class=\"alignnone wp-image-223\" src=\"http:\/\/svrhw.de\/wordpress\/wp-content\/uploads\/2017\/01\/Unbenannt-1-300x1.png\" width=\"650\" height=\"1\" srcset=\"https:\/\/svrhw.de\/wordpress\/wp-content\/uploads\/2017\/01\/Unbenannt-1-300x1.png 300w, https:\/\/svrhw.de\/wordpress\/wp-content\/uploads\/2017\/01\/Unbenannt-1-150x1.png 150w, https:\/\/svrhw.de\/wordpress\/wp-content\/uploads\/2017\/01\/Unbenannt-1-125x1.png 125w, https:\/\/svrhw.de\/wordpress\/wp-content\/uploads\/2017\/01\/Unbenannt-1.png 567w\" sizes=\"(max-width: 650px) 100vw, 650px\" \/><\/p>\n<h1>Verkehrswert-Gutachten<\/h1>\n<p>Sie ben\u00f6tigen eine schriftliche, objektive Einsch\u00e4tzung des Grundst\u00fcckes- oder der Immobilie <br>die vor Gericht oder Beh\u00f6rde Anerkennung findet. Dann ben\u00f6tigen Sie ein Verkehrswertgutachten <br>als Vollgutachten nach \u00a7 194 Baugesetzbuch.<\/p>\n<p><img decoding=\"async\" class=\"alignnone wp-image-223\" src=\"http:\/\/svrhw.de\/wordpress\/wp-content\/uploads\/2017\/01\/Unbenannt-1-300x1.png\" width=\"650\" height=\"1\" srcset=\"https:\/\/svrhw.de\/wordpress\/wp-content\/uploads\/2017\/01\/Unbenannt-1-300x1.png 300w, https:\/\/svrhw.de\/wordpress\/wp-content\/uploads\/2017\/01\/Unbenannt-1-150x1.png 150w, https:\/\/svrhw.de\/wordpress\/wp-content\/uploads\/2017\/01\/Unbenannt-1-125x1.png 125w, https:\/\/svrhw.de\/wordpress\/wp-content\/uploads\/2017\/01\/Unbenannt-1.png 567w\" sizes=\"(max-width: 650px) 100vw, 650px\" \/><\/p>\n<h1>Bausubstanz<\/h1>\n<p>Sie wollen eine Immobilie kaufen, sind sich aber \u00fcber den Zustand nicht sicher? <br>Ich begutachte und bewerte die Bausubstanz damit Sie nicht &#8222;die Katze im Sack&#8220; kaufen.&nbsp;<\/p>\t\t\t\t\t\t\t\t<\/div>\n\t\t\t\t\t<\/div>\n\t\t<\/div>\n\t\t\t\t\t<\/div>\n\t\t<\/section>\n\t\t\t\t<\/div>\n\t\t","protected":false},"excerpt":{"rendered":"<p>Gutachten Qualit\u00e4t ist kein Zufall: schnell, schnell = schlecht, schlechtSollte es zu Unstimmigkeiten \u00fcber die&nbsp; Qualit\u00e4t der geschuldeten Leistung kommen schafft ein [&hellip;]<\/p>\n","protected":false},"author":1,"featured_media":0,"parent":0,"menu_order":0,"comment_status":"closed","ping_status":"closed","template":"","meta":{"footnotes":""},"class_list":["post-96","page","type-page","status-publish","hentry"],"_links":{"self":[{"href":"https:\/\/svrhw.de\/wordpress\/wp-json\/wp\/v2\/pages\/96","targetHints":{"allow":["GET"]}}],"collection":[{"href":"https:\/\/svrhw.de\/wordpress\/wp-json\/wp\/v2\/pages"}],"about":[{"href":"https:\/\/svrhw.de\/wordpress\/wp-json\/wp\/v2\/types\/page"}],"author":[{"embeddable":true,"href":"https:\/\/svrhw.de\/wordpress\/wp-json\/wp\/v2\/users\/1"}],"replies":[{"embeddable":true,"href":"https:\/\/svrhw.de\/wordpress\/wp-json\/wp\/v2\/comments?post=96"}],"version-history":[{"count":32,"href":"https:\/\/svrhw.de\/wordpress\/wp-json\/wp\/v2\/pages\/96\/revisions"}],"predecessor-version":[{"id":978,"href":"https:\/\/svrhw.de\/wordpress\/wp-json\/wp\/v2\/pages\/96\/revisions\/978"}],"wp:attachment":[{"href":"https:\/\/svrhw.de\/wordpress\/wp-json\/wp\/v2\/media?parent=96"}],"curies":[{"name":"wp","href":"https:\/\/api.w.org\/{rel}","templated":true}]}}